 and 70.
70
Calculate the highest common factor of 39528448 and 2048.
2048
Calculate the highest common divisor of 108297 and 23035173.
4011
What is the highest common factor of 3571980 and 128575?
185
Calculate the greatest common divisor of 385 and 1974973.
77
What is the highest common divisor of 1430055 and 2140?
535
Calculate the greatest common factor of 6108865 and 77945.
595
Calculate the greatest common divisor of 4956 and 283206.
42
Calculate the greatest common factor of 1022 and 319375.
511
Calculate the greatest common divisor of 13 and 2451202.
13
Calculate the greatest common factor of 1184253 and 105.
21
What is the greatest common divisor of 2748 and 249468?
12
What is the greatest common divisor of 15675 and 88757550?
1425
Calculate the greatest common divisor of 123 and 54512247.
123
Calculate the greatest common factor of 426 and 22400997.
213
What is the highest common factor of 91676979 and 9?
9
Calculate the greatest common factor of 1407 and 7840541.
67
Calculate the highest common factor of 4830 and 14831205.
345
What is the greatest common factor of 415110 and 1383015?
2055
Calculate the highest common divisor of 8009102 and 1526.
218
What is the highest common divisor of 17533301 and 15688?
1961
Calculate the highest common factor of 14397885 and 690.
345
What is the greatest common factor of 44345 and 11755?
5
What is the highest common factor of 788 and 2283230?
394
What is the highest common divisor of 27741844 and 24440?
2444
What is the highest common factor of 76230444 and 87?
87
What is the highest common factor of 13601 and 4091668?
203
Calculate the highest common factor of 35 and 23636312.
7
What is the greatest common divisor of 685776 and 63271?
2041
Calculate the highest common factor of 12 and 535812.
12
What is the greatest common divisor of 28964407 and 5089?
727
What is the highest common divisor of 26 and 18569317?
13
Calculate the greatest common factor of 536800836 and 312.
156
What is the highest common factor of 8236944 and 7659?
207
What is the greatest common divisor of 139258 and 19973919?
2401
What is the greatest common divisor of 1135535 and 20?
5
What is the highest common factor of 334 and 3119393?
167
Calculate the highest common factor of 186062 and 1457.
31
What is the highest common factor of 3852614 and 65232?
302
Calculate the highest common factor of 427240 and 34540.
220
Calculate the greatest common divisor of 1479751 and 124735.
1313
Calculate the highest common divisor of 18126 and 398862.
18
What is the greatest common factor of 64 and 15151776?
32
Calculate the greatest common divisor of 29506097 and 4401.
163
Calculate the highest common divisor of 26101982 and 10.
2
Calculate the greatest common divisor of 18 and 13868289.
9
Calculate the greatest common divisor of 3540 and 321432.
708
What is the greatest common divisor of 101185 and 3822735?
1715
Calculate the highest common divisor of 194 and 21035323.
97
What is the highest common factor of 2822 and 163842?
166
Calculate the highest common factor of 4758 and 4989426.
78
What is the greatest common factor of 10624 and 1878456?
664
What is the greatest common divisor of 36 and 1077204?
12
What is the highest common factor of 344 and 410187320?
344
What is the greatest common divisor of 26 and 2187107?
13
What is the highest common factor of 7680 and 310440?
120
Calculate the greatest common divisor of 5936 and 768.
16
Calculate the greatest common divisor of 74709 and 18576.
27
What is the highest common divisor of 268459 and 8?
1
Calculate the highest common factor of 336 and 1813248.
48
Calculate the greatest common divisor of 450 and 8761850.
50
Calculate the greatest common divisor of 266 and 3945242.
14
What is the highest common divisor of 34408615 and 3805?
3805
What is the highest common divisor of 22375485 and 27225?
495
What is the highest common divisor of 440 and 85530456?
88
What is the greatest common divisor of 17817 and 116065877?
5939
Calculate the greatest common divisor of 145367676 and 108.
108
What is the highest common factor of 129050 and 177538?
58
Calculate the greatest common divisor of 1308063 and 3638115.
2073
Calculate the highest common factor of 1184 and 70975768.
296
Calculate the highest common factor of 80956893 and 471.
471
What is the highest common divisor of 2248 and 205937594?
562
What is the greatest common factor of 22680 and 6651120?
840
Calculate the greatest common factor of 45481792 and 656.
656
Calculate the greatest common factor of 303602 and 2522.
26
What is the greatest common divisor of 8124990 and 450?
30
Calculate the highest common divisor of 45576 and 88719381.
5697
Calculate the highest common factor of 253447590 and 66.
66
What is the greatest common factor of 23 and 67832198?
23
What is the greatest common divisor of 2787741 and 2552?
319
What is the greatest common divisor of 1865295303 and 159?
159
What is the greatest common divisor of 176351 and 27696074?
2989
What is the greatest common divisor of 528 and 406839444?
132
What is the greatest common factor of 38121708 and 36?
12
Calculate the greatest common factor of 4862 and 43959630.
286
What is the greatest common factor of 1581 and 1708503?
93
Calculate the greatest common divisor of 155600548 and 904.
452
Calculate the greatest common factor of 7340443 and 869.
869
Calculate the greatest common divisor of 16832 and 1573529.
263
What is the highest common factor of 208 and 53078584?
104
Calculate the highest common factor of 6254660 and 160.
20
Calculate the greatest common factor of 19 and 107076400.
19
What is the greatest common divisor of 3381108 and 189975?
447
Calculate the greatest common factor of 337807 and 23188.
527
What is the highest common divisor of 206 and 94866811?
103
What is the highest common factor of 248112578 and 98?
98
Calculate the greatest common factor of 12516991 and 121923.
437
Calculate the highest common factor of 186 and 93700042.
62
What is the highest common factor of 17484 and 240932?
124
What is the highest common divisor of 1150 and 55000958?
46
What is the highest common divisor of 193 and 671852107?
193
What is the greatest common divisor of 564 and 37908132?
564
What is the highest common divisor of 44595 and 11428212?
2973
What is the greatest common divisor of 1100125341 and 378?
189
Calculate the greatest common factor of 6757 and 280865.
29
What is the greatest common divisor of 807268306 and 13?
13
What is the highest common factor of 115 and 318183357?
23
Calculate the highest common factor of 4546368 and 2016.
288
What is the greatest common factor of 1284 and 20374833?
321
Calculate the greatest common divisor of 4383186 and 114.
114
What is the highest common divisor of 52 and 174826067?
13
Calculate the greatest common divisor of 155 and 19689867.
31
Calculate the highest common factor of 619718 and 76857.
187
What is the highest common divisor of 11 and 3156714?
11
Calculate the highest common factor of 436833 and 99.
9
Calculate the greatest common factor of 15576 and 19429113.
1947
Calculate the greatest common divisor of 83711368 and 13416.
4472
What is the highest common factor of 326304 and 45342?
198
Calculate the highest common factor of 2684476 and 992.
124
Calculate the greatest common factor of 46268 and 161164.
172
What is the greatest common factor of 468 and 2312271?
117
What is the highest common factor of 4237 and 1865432464?
4237
What is the greatest common factor of 8993779 and 11468?
2867
Calculate the greatest common factor of 4 and 564536.
4
Calculate the greatest common factor of 9317 and 484385.
11
Calculate the greatest common divisor of 208484594 and 42710.
8542
Calculate the highest common divisor of 1832 and 258040.
8
Calculate the highest common divisor of 464 and 7005296.
16
What is the greatest common divisor of 594 and 153399?
3
What is the greatest common divisor of 1551809 and 9184?
287
What is the greatest common divisor of 52318 and 1774570?
1414
What is the greatest common factor of 55 and 213383500?
55
Calculate the greatest common divisor of 5280 and 3916110.
330
What is the highest common factor of 200952 and 1396368?
72
What is the greatest common divisor of 4918029 and 1643?
53
What is the highest common divisor